13*d - 29. Let z(o) = -5*i(o) + 2*s(o). Determine z(7).
-7
Suppose 4*g = -3*w - 34, -11*g + 16*g + w + 37 = 0. Let h(i) = -9*i**2 - 5*i - 1. Let y(r) = 16*r**2 + 9*r + 2. Let p(x) = g*h(x) - 4*y(x). What is p(-1)?
-1
Let b = 721 + -710. Let p(j) = -j**2 + 9*j + 22. What is p(b)?
0
Let a(f) = f**3 - 11*f**2 - 2*f + 25. Let i be a(11). Let k(o) = 2*o**2 + 29*o - 7. Let l(u) = u**2 + 16*u - 4. Let m(p) = i*k(p) - 5*l(p). What is m(-6)?
-7
Let p(s) = -31 + 57 + 4520*s - 4501*s - 62. Determine p(5).
59
Let h(u) = 8*u**3 + 3*u**2 - 3*u + 1. Let i(l) = 10*l - 559. Let k be i(56). Calculate h(k).
9
Let t be 312/66 - (30/(-22))/5. Let n(l) = l**2 - 8*l - 8. What is n(t)?
-23
Let n(u) = 2*u**3 - 5*u**2 + 5*u - 21. Suppose 3 = 5*a - 4*c, 4*a - 5*c = -294 + 291. Give n(a).
3
Let k = 7 - 8. Let w(x) = 123*x**2 - 29. Let g(z) = 40*z**2 - 9. Let s(b) = -13*g(b) + 4*w(b). What is s(k)?
-27
Suppose 7 = w + 2. Suppose w*i = i - 20. Let o(p) be the second derivative of -p**5/20 - p**4/3 + p**3 + 2*p**2 - 3*p + 64. What is o(i)?
-1
Let a(i) be the second derivative of -11*i**3/6 - 13*i**2 - 581*i - 2. What is a(-3)?
7
Let t = -3/119 - -125/238. Let s(x) be the first derivative of -t*x**2 + 5 - 8*x. Give s(-6).
-2
Let c(w) = w**2 + 25*w + 71. Let q(s) = s**2 + 27*s + 88. Let b(p) = 3*c(p) - 2*q(p). Give b(-19).
-1
Let l(f) be the first derivative of -7*f**2/2 + 70*f + 205. What is l(11)?
-7
Let k(w) = -12*w - 246. Let l = 18 + -39. Let f be k(l). Let z(y) be the first derivative of 3*y**2/2 - 9*y - 2. Give z(f).
9
Let c(n) = -n**3 - 4*n**2 - 4*n - 1. Let u be c(-3). Let q be 4/(2/(-19) + 851/1406). Let a be (10/q)/(u/8). Let k(o) = -o**2 + 3*o - 7. What is k(a)?
-17
Suppose 132*m + 107*m = -329*m + 2272. Let t(b) = -2 + 3 - 2 - 3*b. What is t(m)?
-13
Let h(b) = -4*b + b**2 - 6*b**2 + 4 + 5*b + 6*b**2 - 10*b. Let u(o) = -5*o + 2. Let p be u(-4). Suppose -r = -4*x - x - 23, 2*x = 2*r - p. Give h(r).
-4
Let f(m) = 631*m + 12*m**3 - 3 - 9*m**3 + 4 - m**3 + 2 - 628*m + 2*m**2. Let w be (-12)/7 + 18/(-63). Calculate f(w).
-11
Let m(z) = -63*z**3 + 34*z**2 - 7*z + 14. Let s(p) = -45*p**3 + 35*p**2 - 7*p + 13. Let r(b) = 2*m(b) - 3*s(b). Determine r(4).
1
Let q(p) = -p**3 - 5*p**2 + 7*p + 3. Let t(a) = 4*a - 9. Let h be t(4). Suppose 0 = b + 3*s - 6, -4*b + h*b + 4*s + 2 = 0. Calculate q(b).
-3
Let j(z) = 1 - 66*z**2 + 30*z**2 + 35*z**2 + 3*z. Determine j(3).
1
Let w(n) = n**2 - 9*n + 2. Suppose 4*b = -2*l + 8, 3*b - 12 = 4*l - 7*l. Calculate w(b).
2
Let l(k) = k**3 - k - 3. Let r be l(2). Let y be (6/(-30))/(r/(-15)). Let f(b) = 4*b**3 + b**2 - 1. Give f(y).
4
Let p(i) = i**2 + 32*i + 89. Suppose -49*b + 562 - 501 = 1482. Calculate p(b).
2
Let n = -2663 - -2654. Let r be 10/(-3)*12/(-5). Let u(q) = 0*q - 3 - r - q. Calculate u(n).
-2
Let c(y) = 4*y - 46. Suppose 14*i - 72 - 39 = 57. Give c(i).
2
Let y(j) = j**3 - 5*j**2 + 3*j - 5. Let k(v) = 4*v - 96. Let h be k(33). Suppose 4*f = -4*l + h, 0 = 3*f - 2*l - 8 + 1. Give y(f).
10
Let x(s) = 138*s - 973. Let o be x(7). Let p(m) = -2*m**3 - 13*m**2 + 9*m + 3. What is p(o)?
-11
Let p = 23 - 20. Let u = -303 + 308. Suppose 3*t - u*v - 11 + p = 0, 32 = 5*t + v. Let o(r) = r**2 - 8*r + 6. What is o(t)?
-6
Let r = 2 + -4. Let p(k) be the first derivative of k**4/12 - k**3/6 + k**2/2 - 15*k - 22. Let a(s) be the first derivative of p(s). What is a(r)?
7
Let a(x) = -49*x - 932. Let q be a(-19). Let u(h) = h**2 + h. What is u(q)?
0
Let f(y) = 4*y - 5 - 6*y - 10 - y**2 + 14. What is f(-3)?
-4
Let s(j) = j**2 + 127*j - 1225. Let o be s(9). Let t(q) = 26*q**2 + q + 2. Give t(o).
27
Let l(r) = 3*r**2 - r. Let u(d) = -25*d**2 + 24*d + 11. Let f(x) = -5*x**2 + 5*x + 2. Let h(y) = -11*f(y) + 2*u(y). Let q(j) = h(j) - 2*l(j). What is q(-4)?
4
Let z(h) = -489*h - 2432. Let g be z(-5). Let x(n) = -3*n**3 + 40*n**2 - 13*n - 12. Calculate x(g).
-12
Let f(a) be the second derivative of -a**5/20 - 5*a**4/6 - 7*a**3/6 - 5*a**2/2 + 1425*a - 2. What is f(-4)?
-73
Let x(u) = 11*u**2 + 24*u - 33. Let c(d) = 20*d**2 + 47*d - 68. Let y(l) = 6*c(l) - 11*x(l). What is y(16)?
-13
Let b(u) = u**3 - 6*u**2 - 11. Let c be b(5). Let z = c + 42. Suppose -2*s + z = -2. Let m(v) = -3*v. Calculate m(s).
-12
Let k(c) = -3*c**3 + 41*c**2 - 10*c + 106. Let r(x) = -x**3 + 14*x**2 - 3*x + 36. Let i(s) = -2*k(s) + 7*r(s). Calculate i(16).
24
Let z(t) = 634*t + 1266. Let s be z(-2). Let x(f) be the third derivative of f**4/8 + 5*f**3/3 - 4*f**2. Calculate x(s).
4
Let u = 33 + -36. Let k be -14 - -11 - (u - 0). Let p(n) = k - 6 + 9 - 4 + n**3. Calculate p(2).
7
Let h(f) = f + 1. Let p(c) = -6*c**3 - c**2. Let s be p(-2). Suppose 17*a + 865 = 134. Let v = a + s. Calculate h(v).
2
Let d(w) = -4*w**3 + 6*w**2 + 100*w + 6. Let x(u) = -u**3 - 3*u**2 + 20*u. Let z(q) = -d(q) + 5*x(q). Calculate z(-21).
-6
Let f = 813 + -530. Suppose -275 = 2*i - f. Let m(h) = h**3 - 5*h**2 + 5*h + 4. Let z(a) = -a**3 + 5*a**2 - 5*a - 3. Let r(y) = -6*m(y) - 7*z(y). What is r(i)?
1
Let j(c) = 5 - 15 + 50 + 4*c. Let h be j(-9). Let l(n) = -2*n + 7 - 8 - h*n. Calculate l(-1).
5
Let i be (-1 - 5)/(36/(-54)). Suppose -o - i*r + 11*r = -4, 0 = r - 1. Let n be o/15*10*-1. Let g(t) = 2*t + 4. What is g(n)?
-4
Suppose 21*k - 22*k = 0. Let u(b) = 3*b + 8*b + k*b**3 - b**3 - 7*b**2 - b - 11. Determine u(-8).
-27
Let k(r) = -3*r + 6*r + 67 + 4*r + 0*r - 16*r. Give k(9).
-14
Let t(v) = 6*v + 48. Let s = 12209 + -12209. What is t(s)?
48
Let z(r) be the first derivative of -39*r**2/2 + 65*r - 2005. Give z(2).
-13
Suppose 0 = 5*f - 3*t + 50, 2*f - 64 = 3*t - 84. Let y(b) = -9*b - 79. Give y(f).
11
Suppose -2*l + 3*y + 82 = -y, y = -2*l + 67. Let u = -33 + l. Let g(z) = -5*z + 10 + 11 - z**3 + u*z**3 - 17. Give g(3).
16
Let z(x) = 2*x**2 - 14*x + 14. Suppose -5*p - 2*i = -20, 2*p - 3*i - 11 - 16 = 0. What is z(p)?
2
Let o(w) = w + 15. Let s be 2532/(-132) + (3 + -7 - (-276)/66). Calculate o(s).
-4
Let m(y) = -y**3 + 5*y**2 + 12*y + 16. Let p be m(7). Suppose -p*d + 3*s + s = -36, 3*d = -s + 19. Let h(o) = o**3 - 9*o**2 + 9*o - 5. Give h(d).
3
Let m(l) = -l**3 - 21*l**2 + 2*l + 37. Let v be m(-21). Let p(s) = 14*s - 1. Determine p(v).
-71
Let r(c) = -2*c**2 + 122*c - 1494. Let j be r(44). Let y(k) be the second derivative of -1/6*k**3 - 15*k - 4*k**j + 0. Give y(0).
-8
Let n(l) be the third derivative of l**5/60 - 7*l**4/8 + 14*l**3 - 333*l**2. Determine n(16).
4
Let m(a) be the second derivative of a**6/720 - 7*a**5/120 + a**4/4 + 5*a**3 - 22*a + 4. Let l(u) be the third derivative of m(u). Determine l(0).
-7
Let u(h) = -3 + 16 + h + 18 - h**2 - 1 + 4*h - 3. Suppose -x = 5*p - 43, p + 8*x - 3*x - 23 = 0. Calculate u(p).
3
Let c(q) = 8*q**3 + q**2 - q - 2. Let n(f) = -47*f**3 - 21*f**2 - 11*f + 26. Let j(k) = -6*c(k) - n(k). What is j(16)?
2
Let f(x) = 9*x + 10. Suppose 29 = 5*r - 36. Let b(q) = -6*q + 39*q - 13*q - r*q + 9. Let p(w) = -4*b(w) + 3*f(w). What is p(-8)?
2
Let k(u) = 2*u**2 + 1 + 2*u + u**3 - 1 - 1 - 3. Suppose -4*s + 24 = 12. Suppose -5*v - x - 20 = 0, -2*v - 2*v + s = -3*x. Determine k(v).
-19
Let a(s) = 24*s**2 - s + 1. Let y be (-350)/(-7) - (-1 - -2)*-4. Let r be (-2 + 5)*90/y. Suppose 0 = -3*p - r*n - 5 + 23, -3*p = n - 6. What is a(p)?
24
Let t(r) = 7*r**3 - 3*r**2 + r - 6. Let u(z) = -z**3 + 1. Let g(b) = -t(b) - 6*u(b). Let k = -1560 - -1562. Calculate g(k).
2
Let c(d) = 10*d**2 + 6*d + 28. Let h be c(12). Suppose 10*z = 3*z + h. Let f(k) = -6*k**3 - z*k + 220*k. Calculate f(1).
-6
Let z = -2015 + 2018. Let t(h) = 3*h**3 - 3*h**2 + 2*h. Give t(z).
60
Let o(a) be the third derivative of -a**6/24 - a**5/60 - 5*a**4/12 + 7*a**3/3 - a**2 + a - 1521. Determine o(2).
-50
Suppose 5*x + 49 = 2*w, 10*w + x + 65 = 15*w. Let j(d) = -45*d - 2 - w*d + 56*d. Let g = 0 - 0. Determine j(g).
-2
Let n be (-10)/(-4) + 1/(-2). Let c be -10 + -2 + (5 - n). Let g(k) = -745*k - 14. Let a(i) = 3352*i + 57. Let y(t) = -2*a(t) - 9*g(t). Determine y(c).
3
Let m = 2324 + -2344. Let t(o) = -o**2 - 21*o - 26. What is t(m)?
-6
Let w(t) = t - 5. Let i(m) be the first derivative of -6*m**2 + 106*m - 42. Let f be i(8). What is w(f)?
5
Let m(j) = -j - 3. Let i(h) = -h**2 - 9*h - 17. Let d be i(-5). Suppose -3*p = 2*p + d*w + 32, 0 = -2*p + 3*w + 4. What is m(p)?
1
Let y = 18 - 6. Let j be (y/10*-1)/((-3)/10). Let v(d) =